the thousands digit of 62871?
2
What is the units digit of 54831?
1
What is the tens digit of 757?
5
What is the hundreds digit of 1566?
5
What is the thousands digit of 68498?
8
What is the thousands digit of 37480?
7
What is the hundreds digit of 21994?
9
What is the thousands digit of 1837?
1
What is the hundreds digit of 37997?
9
What is the units digit of 4131?
1
What is the tens digit of 6015?
1
What is the tens digit of 15333?
3
What is the thousands digit of 2698?
2
What is the hundreds digit of 548?
5
What is the thousands digit of 4733?
4
What is the tens digit of 1167?
6
What is the thousands digit of 2071?
2
What is the units digit of 1231?
1
What is the hundreds digit of 6858?
8
What is the tens digit of 2627?
2
What is the hundreds digit of 45883?
8
What is the units digit of 12436?
6
What is the units digit of 59029?
9
What is the hundreds digit of 840?
8
What is the thousands digit of 53933?
3
What is the units digit of 2677?
7
What is the units digit of 1110?
0
What is the hundreds digit of 25984?
9
What is the thousands digit of 186434?
6
What is the units digit of 2826?
6
What is the units digit of 182?
2
What is the tens digit of 159447?
4
What is the tens digit of 2203?
0
What is the hundreds digit of 21857?
8
What is the hundreds digit of 913?
9
What is the units digit of 6119?
9
What is the units digit of 5492?
2
What is the hundreds digit of 25455?
4
What is the tens digit of 43522?
2
What is the thousands digit of 2264?
2
What is the units digit of 14754?
4
What is the ten thousands digit of 41245?
4
What is the thousands digit of 97656?
7
What is the hundreds digit of 5380?
3
What is the ten thousands digit of 11541?
1
What is the units digit of 10678?
8
What is the units digit of 24039?
9
What is the thousands digit of 16072?
6
What is the tens digit of 2810?
1
What is the hundreds digit of 186?
1
What is the tens digit of 704?
0
What is the thousands digit of 1281?
1
What is the thousands digit of 4912?
4
What is the thousands digit of 1685?
1
What is the ten thousands digit of 12055?
1
What is the thousands digit of 12687?
2
What is the hundreds digit of 1889?
8
What is the hundreds digit of 94329?
3
What is the hundreds digit of 96235?
2
What is the hundreds digit of 11069?
0
What is the tens digit of 16466?
6
What is the units digit of 12484?
4
What is the tens digit of 70126?
2
What is the tens digit of 850?
5
What is the tens digit of 1849?
4
What is the tens digit of 1270?
7
What is the hundreds digit of 128?
1
What is the hundreds digit of 1224?
2
What is the thousands digit of 17018?
7
What is the units digit of 1955?
5
What is the hundreds digit of 1221?
2
What is the hundreds digit of 973?
9
What is the units digit of 795?
5
What is the thousands digit of 7537?
7
What is the hundreds digit of 2202?
2
What is the units digit of 6025?
5
What is the tens digit of 64853?
5
What is the tens digit of 26619?
1
What is the hundreds digit of 15759?
7
What is the tens digit of 18761?
6
What is the thousands digit of 5721?
5
What is the units digit of 8551?
1
What is the thousands digit of 35078?
5
What is the hundreds digit of 3562?
5
What is the hundreds digit of 1000?
0
What is the tens digit of 17249?
4
What is the tens digit of 24498?
9
What is the units digit of 47047?
7
What is the tens digit of 115?
1
What is the hundreds digit of 1598?
5
What is the hundreds digit of 47820?
8
What is the ten thousands digit of 27620?
2
What is the thousands digit of 3079?
3
What is the units digit of 3549?
9
What is the hundreds digit of 284?
2
What is the ten thousands digit of 49287?
4
What is the ten thousands digit of 11352?
1
What is the units digit of 16713?
3
What is the hundreds digit of 103896?
8
What is the units digit of 21174?
4
What is the thousands digit of 4411?
4
What is the units digit of 75164?
4
What is the thousands digit of 6072?
6
What is the ten thousands digit of 35144?
3
What is the hundreds digit of 3829?
8
What is the hundreds digit of 6902?
9
What is the thousands digit of 1356?
1
What is the tens digit of 32826?
2
What is the units digit of 152895?
5
What is the thousands digit of 2562?
2
What is the hundreds digit of 1041?
0
What is the tens digit of 702?
0
What is the units digit of 992?
2
What is the tens digit of 91903?
0
What is the units digit of 119226?
6
What is the hundreds digit of 869?
8
What is the units digit of 7218?
8
What is the units digit of 484?
4
What is the tens digit of 1694?
9
What is the units digit of 1212?
2
What is the units digit of 379?
9
What is the tens digit of 3993?
9
What is the ten thousands digit of 17928?
1
What is the hundreds digit of 47063?
0
What is the thousands digit of 14081?
4
What is the thousands digit of 2010?
2
What is the tens digit of 762?
6
What is the tens digit of 4696?
9
What is the thousands digit of 1115?
1
What is the thousands digit of 26163?
6
What is the units digit of 88?
8
What is the hundreds digit of 592?
5
What is the tens digit of 30739?
3
What is the hundreds digit of 965?
9
What is the tens digit of 26522?
2
What is the units digit of 6?
6
What is the hundreds digit of 147?
1
What is the thousands digit of 3694?
3
What is the thousands digit of 3540?
3
What is the hundreds digit of 414?
4
What is the units digit of 29867?
7
What is the hundreds digit of 84637?
6
What is the units digit of 7097?
7
What is the tens digit of 1716?
1
What is the tens digit of 3887?
8
What is the hundreds digit of 916?
9
What is the thousands digit of 26418?
6
What is the hundreds digit of 5319?
3
What is the ten thousands digit of 27458?
2
What is the units digit of 4732?
2
What is the thousands digit of 61829?
1
What is the tens digit of 2031?
3
What is the thousands digit of 1754?
1
What is the thousands digit of 2228?
2
What is the thousands digit of 17598?
7
What is the hundreds digit of 12165?
1
What is the thousands digit of 19137?
9
What is the thousands digit of 8422?
8
What is the hundreds digit of 4059?
0
What is the hundreds digit of 17369?
3
What is the tens digit of 20453?
5
What is the units digit of 2236?
6
What is the tens digit of 874?
7
What is the tens digit of 934?
3
What is the ten thousands digit of 17157?
1
What is the units digit of 40522?
2
What is the thousands digit of 38620?
8
What is the units digit of 427?
7
What is the thousands digit of 1042?
1
What is the tens digit of 2778?
7
What is the tens digit of 2445?
4
What is the hundreds digit of 75893?
8
What is the tens digit of 1213?
1
What is the tens digit of 564?
6
What is the units digit of 1082?
2
What is the tens digit of 818?
1
What is the tens digit of 699?
9
What is the hundreds digit of 918?
9
What is the units digit of 70803?
3
What is the tens digit of 23110?
1
What is the tens digit of 26070?
7
What is the hundreds digit of 2100?
1
What is the hundreds digit of 16289?
2
What is the units digit of 4094?
4
What is the tens digit of 15773?
7
What is the units digit of 21111?
1
What is the hundreds digit of 34245?
2
What is the units digit of 16723?
3
What is the hundreds digit of 1099?
0
What is the tens digit of 6348?
4
What is the ten thousands digit of 11905?
1
What is the units digit of 10571?
1
What is the tens digit of 11251?
5
What is the ten thousands digit of 32210?
3
What is the thousands digit of 9303?
9
What is the units digit of 8334?
4
What is the hundreds digit of 34083?
0
What is the tens digit of 750?
5
What is the units digit of 3069?
9
What is the hundreds digit of 23263?
2
What is the units digit of 13247?
7
What is the hundreds digit of 53948?
9
What is the units digit of 4126?
6
What is the hundreds digit of 850?
8
What is the units digit of 3046?
6
What is the thousands digit of 11438?
1
What is the units digit of 708?
8
What is the thousands digit of 3607?
3
What is the hundred thousands digit of 120824?
1
What is the hundreds digit of 7864?
8
What is the thousands digit of 102802?
2
What is the tens digit of 5263?
6
What is the hundreds digit of 1044?
0
What is the ten thousands digit of 22324?
2
What is the units digit of 1368?
8
What is the units digit of 27?
7
What is the units digit of 4233?
3
What is the tens digit of 8690?
9
What is the tens digit of 5885?
8
What is the hundreds digit of 435?
4
What is the tens digit of 1554?